) = 4*z - 8. Calculate j(7).
20
Let n(t) = -3*t - 1. Calculate n(-1).
2
Let m(a) = -a**2 - 7*a - 9. Give m(-6).
-3
Let d(h) = -h**3 - 8*h**2 - 7. Give d(-7).
-56
Let z(g) = -5*g**2 - 5*g + 3. Give z(1).
-7
Let b(z) = -92*z - 369. What is b(-4)?
-1
Let s(x) = 2*x**3 - 76*x**2 + 72*x + 80. Calculate s(37).
6
Let l(w) = -w**3 + 24*w**2 - 25*w + 1. Give l(23).
-45
Let l(s) = -33*s - 3. What is l(-1)?
30
Let w(g) = g**3 - 11*g**2 + 5. Give w(11).
5
Let v(j) = 3*j - 15. Give v(3).
-6
Let m(z) = 4*z**2 + 3*z + 1. Give m(-3).
28
Let p(a) = 9*a - 90. Determine p(9).
-9
Let w(b) = -2*b**3 - 15*b**2 + 9*b + 7. What is w(-8)?
-1
Let p(m) = -23*m + 106. Determine p(7).
-55
Let r(l) = 3*l - 4. Calculate r(-5).
-19
Let w(i) = i**3 + 49*i**2 + 49*i + 44. Determine w(-48).
-4
Let n(z) = -z**3 - 41*z**2 - 211*z - 31. Calculate n(-35).
4
Let w(m) = -m**3 + 7*m**2 - 12*m. What is w(5)?
-10
Let n(i) = i**2 - 37*i + 159. Give n(31).
-27
Let j(r) = -r**3 + 15*r**2 + 27. Give j(15).
27
Let j(l) = l**3 - 12*l**2 - 4*l + 48. Give j(12).
0
Let p(g) = -3*g + 11. What is p(10)?
-19
Let r(b) = b**3 + 7*b**2 + 2*b - 4. Determine r(-6).
20
Let y(l) = -l**3 + 12*l**2 - 11*l + 7. What is y(11)?
7
Let c(x) = x**2 - 6*x. Give c(-3).
27
Let v(a) = 3*a**2 + 91*a + 274. What is v(-27)?
4
Let n(k) = 4*k**3 - 23*k**2 - 10*k + 5. What is n(6)?
-19
Let c(g) = -g**3 + 23*g**2 + 22*g + 57. What is c(24)?
9
Let n(j) = -j**2 - 6*j + 14. Calculate n(-7).
7
Let b(p) = -12*p - 250. Give b(-20).
-10
Let d(s) = 2*s**2 + 2*s - 25. Determine d(-6).
35
Let i(n) = -n**3 + 9*n**2 - 7*n - 5. Determine i(8).
3
Let x(k) = -66*k - 63. Give x(-1).
3
Let r(o) = -o**2 - 6*o - 2. Give r(-9).
-29
Let h(o) = 7*o - 13. Give h(2).
1
Let c(y) = 25*y + 227. Give c(-9).
2
Let x(f) = 2*f - 4. Calculate x(7).
10
Let v(f) = -4*f + 122. Give v(30).
2
Let n(i) = -i + 6. Give n(0).
6
Let z(f) = -f**3 + 8*f**2 - 6*f + 14. Determine z(6).
50
Let y(z) = 48*z + 75. Calculate y(-2).
-21
Let i(g) = -g**2 + g - 1. Calculate i(9).
-73
Let u(o) = -6*o + 88. Give u(13).
10
Let b(t) = -t**2 + 12*t - 11. What is b(10)?
9
Let w(s) = -s**3 + 6*s**2 - 14*s + 8. Calculate w(3).
-7
Let z(l) = -l**3 + 23*l**2 - 20*l - 53. Determine z(22).
-9
Let q(t) = t - 3. What is q(8)?
5
Let u(v) = -2*v**3 + 7*v**2 - 5*v + 9. What is u(3)?
3
Let n(f) = -f - 6. Give n(-10).
4
Let t(l) = l**3 - 14*l**2 + 9. Calculate t(14).
9
Let v(g) = -57*g + 279. Calculate v(5).
-6
Let p(n) = n**3 - 5*n**2 - 21*n + 51. Calculate p(7).
2
Let v(p) = -12*p - 14. Calculate v(-4).
34
Let i(o) = 17*o - 303. Calculate i(18).
3
Let d(y) = 2*y**2 - 20*y + 49. Give d(6).
1
Let b(y) = 2*y + 41. Calculate b(14).
69
Let y(a) = -a**2 - 3*a + 5. Give y(2).
-5
Let w(x) = 3*x**2 - 3*x + 3. Determine w(2).
9
Let s(o) = -18*o - 13. Calculate s(1).
-31
Let y(r) = 3*r**3 + 4*r**2 + 1. What is y(-3)?
-44
Let d(a) = 114*a + 114. Determine d(-1).
0
Let i(y) = -6*y**2 - 19*y - 4. Calculate i(-3).
-1
Let f(b) = 5*b + 75. What is f(-26)?
-55
Let p(f) = f + 3. Determine p(-10).
-7
Let x(m) = m**3 + 2*m + 130. Calculate x(0).
130
Let k(h) = h**2 + 6*h - 10. Calculate k(-8).
6
Let n(f) = -f**2 + 3*f + 14. What is n(6)?
-4
Let l(g) = g**3 - 5*g**2 - 7*g - 2. What is l(6)?
-8
Let y(x) = -x**3 - 32*x**2 - 32*x - 28. Calculate y(-31).
3
Let p(t) = -3*t**3 - 14*t**2 - 4*t + 8. What is p(-4)?
-8
Let r(s) = -3*s - 5. Determine r(7).
-26
Let g(w) = -w**2 - 14*w + 1. Determine g(-12).
25
Let c(t) = 4*t + 68. Give c(-18).
-4
Let n(v) = v**2 - 27*v - 71. Calculate n(24).
-143
Let q(a) = a**2 + 2*a - 9. Give q(3).
6
Let w(k) = 7*k**2 + 115*k - 113. What is w(1)?
9
Let c(t) = -9*t + 48. Give c(6).
-6
Let i(v) = 2*v + 6. Give i(-8).
-10
Let d(p) = -14*p + 5. What is d(-5)?
75
Let q(v) = -v**2 - 17*v + 17. What is q(-18)?
-1
Let b(g) = -g**3 + 8*g**2 - 7*g + 1. Determine b(7).
1
Let q(y) = 6*y - 174. Determine q(33).
24
Let u(h) = 56*h**2 + 1. Determine u(1).
57
Let p(i) = i**2 - 6*i - 22. Calculate p(-7).
69
Let s(g) = g**2 - 12*g - 7. Calculate s(13).
6
Let s(g) = -g - 4. Give s(-10).
6
Let x(v) = 4*v**2 - 1. Calculate x(-1).
3
Let n(s) = -7*s - 248. What is n(-35)?
-3
Let u(v) = -v**2 + 4. Give u(3).
-5
Let x(f) = -f**3 - 7*f**2 - 11*f - 4. Give x(-5).
1
Let y(n) = -n**2 + 5*n - 4. Give y(7).
-18
Let b(w) = 4*w**3 + 2*w**2 - 2. What is b(-1)?
-4
Let o(m) = 4*m**2 - 5*m + 1. Calculate o(4).
45
Let h(j) = -2*j + 4. Calculate h(14).
-24
Let w(i) = -2*i - 2. Calculate w(-2).
2
Let y(h) = -18*h + 63. Give y(3).
9
Let d(f) = 2*f - 20. Determine d(0).
-20
Let x(r) = 2*r**2 - 26*r + 113. What is x(7)?
29
Let b(u) = -u**2 + 32*u + 225. What is b(38)?
-3
Let n(c) = 5*c**2 - c - 9. Calculate n(-2).
13
Let v(j) = -j**3 + 21*j**2 - 36*j - 10. What is v(19)?
28
Let p(n) = 3*n**3 - 3*n**2 + 2*n - 4. Give p(3).
56
Let c(k) = 6*k + 2. Give c(1).
8
Let b(f) = f**3 - 24*f**2 + f - 28. What is b(24)?
-4
Let g(d) = d**2 + 3*d + 4. Give g(-7).
32
Let g(r) = 5*r + 7. Calculate g(-8).
-33
Let z(g) = g**3 - 13*g - 11. Calculate z(0).
-11
Let r(x) = 2*x**2 + 9*x - 17. Determine r(-6).
1
Let p(z) = -7*z + 29. What is p(6)?
-13
Let l(v) = 8*v + 6. Give l(0).
6
Let f(v) = -4*v**2 + 169*v - 36. Determine f(42).
6
Let j(t) = 4*t - 3. Determine j(3).
9
Let z(o) = o**2 - 8*o + 15. Calculate z(6).
3
Let w(k) = -11*k + 185. Give w(18).
-13
Let u(m) = -m - 8. Calculate u(3).
-11
Let l(j) = 2*j**2 - 8*j + 9. Determine l(6).
33
Let q(h) = -h**2 - 8*h + 16. Give q(-12).
-32
Let p(j) = -j**3 + 15*j**2 + 33*j + 28. Calculate p(17).
11
Let w(t) = 21*t + 43. Give w(-3).
-20
Let a(t) = -2*t - 7. Calculate a(-9).
11
Let o(i) = -i**3 - 12*i**2 + 45*i + 9. Give o(-15).
9
Let i(r) = -r**3 + 11*r**2 - r - 22. Calculate i(11).
-33
Let p(s) = 6*s - 37. Give p(5).
-7
Let w(p) = 6*p - 3. Calculate w(4).
21
Let f(d) = 3*d - 21. Give f(11).
12
Let s(u) = 19*u - 28. Give s(4).
48
Let p(c) = c**3 - 17*c**2 + 16*c - 24. Calculate p(16).
-24
Let o(j) = 3*j**2 + 1. What is o(1)?
4
Let f(b) = b**3 - 6*b**2 + 8*b - 7. What is f(5)?
8
Let r(x) = -4*x**2 + 15*x. What is r(5)?
-25
Let j(a) = -2*a - 29. What is j(-5)?
-19
Let y(p) = -p**3 + 9*p**2 - 11*p + 5. Calculate y(7).
26
Let b(l) = -2*l**3 + 2*l**2 - 2*l - 4. What is b(2)?
-16
Let t(z) = -4*z - 4. Calculate t(-5).
16
Let w(h) = 29*h**2 - 1. Determine w(-1).
28
Let o(v) = v**3 + 8*v**2 + 6*v + 13. What is o(-6)?
49
Let q(o) = -o**3 + 6*o**2 + 10*o + 2. Determine q(7).
23
Let d(n) = 3*n**3 + 20*n**2 - 10*n - 6. Determine d(-7).
15
Let n(g) = 7*g. Give n(2).
14
Let a(t) = -t**3 + 8*t**2 - 16*t + 2. What is a(5)?
-3
Let h(k) = k**2 + 46*k - 313. Calculate h(6).
-1
Let w(b) = -b**3 + 14*b**2 - 24*b - 5. Calculate w(12).
-5
Let l(n) = n**3 - 17*n**2 + 31*n - 11. What is l(15)?
4
Let b(u) = -3*u - 40. Calculate b(-15).
5
Let x(v) = -6*v**2 - 5*v + 2. Determine x(3).
-67
Let g(y) = -3*y**2 + 28*y + 58. Calculate g(11).
3
Let j(l) = l**2 + 10*l - 10. What is j(-12)?
14
Let o(g) = g**3 + g**2 - 5*g. What is o(-5)?
-75
Let g(w) = -w**2 + 7. Calculate g(-2).
3
Let x(d) = 4*d**3 - 2*d**2 - 4*d + 5. Determine x(2).
21
Let m(z) = -2*z**2 + 16*z - 5. Calculate m(9).
-23
Let a(n) = -2*n**2 - 2*n + 66. Calculate a(6).
-18
Let g(x) = -4*x + 11. What is g(5)?
-9
Let q(j) = -j**3 - 46*j**2 + 41*j - 286. Give q(-47).
-4
Let q(o) = o**3 + 2*o**2 + 2*o - 36. Calculate q(0).
-36
Let r(q) = -q - 23. What is r(0)?
-23
Let x(w) = -w**2 - 21*w + 652. What is x(17)?
6
Let c(i) = -23*i - 107. Calculate c(-4).
-15
Let x(a) = 2*a**2 - 10*a + 6. Calculate x(5).
6
Let g(d) = -20*d + 13. Give g(2).
-27
Let y(i) = -i + 24. What is y(17)?
7
Let o(m) = -11*m - 37. Calculate o(-4).
7
Let i(q) = q**2 - q - 3. Give i(6).
27
Let z(p) = p**3 + 9*p**2 + 8*p - 11. Give z(-8).
-11
Let r(y) = -14*y + 16. Give r(-2).
44
Let f(q) = 10*q - 74. What is f(7)?
-4
Let z(o) = -o**3 - 7*o**2 - 5*o - 18. Give z(-6).
-24
Let y(k) = -5*k - 26. Determine y(-7).
9
Let w(a) = 2*a**3 + 3*a**2 + 3*a + 1. What is w(-2)?
-9
Let n(q) = -q**3 + 19*q**2 - 2*q + 26. What is n(19)?
-12
Let i(j) = j**2 - 3*j - 6. Determine i(4).
-2
Let b(d) = -5*d**2 + 5*d + 28. Determine b(-2).
-2
Let s(c) = 33*c. What is s(-1)?
-33
Let i(t) = -t**3 - 7*t**2 + 4. Determine i(-7).
4
Let w(m) = -15*m + 54. Determine w(5).
-21
Let f(t) = -2*t**3 - 13*t**2 + 6*t - 2. Determine f(-7).
5
Let l(j) = j**2